{"id":6058,"date":"2025-07-22T09:40:44","date_gmt":"2025-07-22T02:40:44","guid":{"rendered":"https:\/\/yuha.com.vn\/?post_type=product&#038;p=6058"},"modified":"2025-07-22T15:45:46","modified_gmt":"2025-07-22T08:45:46","slug":"shan-tuyet-hibicus-le-que","status":"publish","type":"product","link":"https:\/\/yuha.com.vn\/index.php\/san-pham\/shan-tuyet-hibicus-le-que\/","title":{"rendered":"Shan Tuy\u1ebft Hibicus L\u00ea Qu\u1ebf"},"content":{"rendered":"<p><strong>T\u00ean s\u1ea3n ph\u1ea9m:<\/strong> Shan Tuy\u1ebft Hibicus L\u00ea Qu\u1ebf<\/p>\n<p><strong>Th\u00e0nh ph\u1ea7n:<\/strong> Shan Tuy\u1ebft, Hibicus, L\u00ea Qu\u1ebf, Th\u1ea1ch L\u00ea<\/p>\n<p><strong>M\u00f4 t\u1ea3:<\/strong> Hibicus l\u00e0 m\u1ed9t lo\u1ea1i qu\u1ea3 u\u1ed1ng c\u1ef1c k\u00ec t\u1ed1t cho h\u1ec7 ti\u00eau h\u00f3a, n\u01b0\u1edbc \u0111\u01b0\u1ee3c l\u00e0m t\u1eeb qu\u1ea3 Hibicus n\u00ean c\u00f3 m\u00e0u \u0111\u1ecf t\u01b0\u01a1i c\u1ef1c k\u00ec b\u1eaft m\u1eaft. H\u01b0\u01a1ng v\u1ecb thanh m\u00e1t c\u1ef1c k\u00ec d\u1ec5 u\u1ed1ng, chua chua ng\u1ecdt ngot t\u1ea1o n\u00ean h\u01b0\u01a1ng v\u1ecb m\u1edbi l\u1ea1. Thanh L\u00ea trong su\u1ed1t n\u00fang na n\u00fang n\u00ednh c\u1ef1c ngon<\/p>\n","protected":false},"excerpt":{"rendered":"<p>T\u00ean s\u1ea3n ph\u1ea9m: Shan Tuy\u1ebft Hibicus L\u00ea Qu\u1ebf Th\u00e0nh ph\u1ea7n: Shan Tuy\u1ebft, Hibicus, L\u00ea Qu\u1ebf, Th\u1ea1ch L\u00ea M\u00f4 t\u1ea3: Hibicus l\u00e0 m\u1ed9t lo\u1ea1i qu\u1ea3 u\u1ed1ng c\u1ef1c k\u00ec t\u1ed1t cho h\u1ec7 ti\u00eau h\u00f3a, n\u01b0\u1edbc \u0111\u01b0\u1ee3c l\u00e0m t\u1eeb qu\u1ea3 Hibicus n\u00ean c\u00f3 m\u00e0u \u0111\u1ecf t\u01b0\u01a1i c\u1ef1c k\u00ec b\u1eaft m\u1eaft. H\u01b0\u01a1ng v\u1ecb thanh m\u00e1t c\u1ef1c k\u00ec d\u1ec5 u\u1ed1ng, [&hellip;]<\/p>\n","protected":false},"featured_media":6068,"comment_status":"open","ping_status":"closed","template":"","meta":[],"product_brand":[63],"product_cat":[56],"product_tag":[],"class_list":{"0":"post-6058","1":"product","2":"type-product","3":"status-publish","4":"has-post-thumbnail","6":"product_brand-yuha-tea","7":"product_cat-shan-tuyet","9":"first","10":"instock","11":"sale","12":"shipping-taxable","13":"purchasable","14":"product-type-simple"},"jetpack_sharing_enabled":true,"_links":{"self":[{"href":"https:\/\/yuha.com.vn\/index.php\/wp-json\/wp\/v2\/product\/6058","targetHints":{"allow":["GET"]}}],"collection":[{"href":"https:\/\/yuha.com.vn\/index.php\/wp-json\/wp\/v2\/product"}],"about":[{"href":"https:\/\/yuha.com.vn\/index.php\/wp-json\/wp\/v2\/types\/product"}],"replies":[{"embeddable":true,"href":"https:\/\/yuha.com.vn\/index.php\/wp-json\/wp\/v2\/comments?post=6058"}],"version-history":[{"count":1,"href":"https:\/\/yuha.com.vn\/index.php\/wp-json\/wp\/v2\/product\/6058\/revisions"}],"predecessor-version":[{"id":6059,"href":"https:\/\/yuha.com.vn\/index.php\/wp-json\/wp\/v2\/product\/6058\/revisions\/6059"}],"wp:featuredmedia":[{"embeddable":true,"href":"https:\/\/yuha.com.vn\/index.php\/wp-json\/wp\/v2\/media\/6068"}],"wp:attachment":[{"href":"https:\/\/yuha.com.vn\/index.php\/wp-json\/wp\/v2\/media?parent=6058"}],"wp:term":[{"taxonomy":"product_brand","embeddable":true,"href":"https:\/\/yuha.com.vn\/index.php\/wp-json\/wp\/v2\/product_brand?post=6058"},{"taxonomy":"product_cat","embeddable":true,"href":"https:\/\/yuha.com.vn\/index.php\/wp-json\/wp\/v2\/product_cat?post=6058"},{"taxonomy":"product_tag","embeddable":true,"href":"https:\/\/yuha.com.vn\/index.php\/wp-json\/wp\/v2\/product_tag?post=6058"}],"curies":[{"name":"wp","href":"https:\/\/api.w.org\/{rel}","templated":true}]}}