{"id":6024,"date":"2025-07-21T13:25:30","date_gmt":"2025-07-21T06:25:30","guid":{"rendered":"https:\/\/yuha.com.vn\/?post_type=product&#038;p=6024"},"modified":"2025-07-28T09:51:59","modified_gmt":"2025-07-28T02:51:59","slug":"olong-sen-dua","status":"publish","type":"product","link":"https:\/\/yuha.com.vn\/index.php\/san-pham\/olong-sen-dua\/","title":{"rendered":"\u00d4long Sen D\u1eeba"},"content":{"rendered":"<p><strong>T\u00ean s\u1ea3n ph\u1ea9m:<\/strong> \u00d4long Sen D\u1eeba<\/p>\n<p><strong>Th\u00e0nh ph\u1ea7n:<\/strong> \u00d4long, Kem Mu\u1ed1i, Sen, D\u1eeba<\/p>\n<p><strong>M\u00f4 t\u1ea3:<\/strong> M\u1ed9t h\u01b0\u01a1ng v\u1ecb tinh hoa t\u1eeb tr\u00e0 olong k\u1ebft h\u1ee3p pha m\u00e1y v\u1edbi s\u1eefa t\u1ea1o n\u00ean m\u1ed9t h\u01b0\u01a1ng v\u1ecb \u0111\u1eadm tr\u00e0 tinh t\u00fay, Sen v\u00e0 D\u1eeba l\u00e0 hai nguy\u00ean li\u1ec7u t\u1ea1o n\u00ean s\u1ef1 ho\u00e0n h\u1ea3o cho h\u01b0\u01a1ng v\u1ecb!<\/p>\n","protected":false},"excerpt":{"rendered":"<p>T\u00ean s\u1ea3n ph\u1ea9m: \u00d4long Sen D\u1eeba Th\u00e0nh ph\u1ea7n: \u00d4long, Kem Mu\u1ed1i, Sen, D\u1eeba M\u00f4 t\u1ea3: M\u1ed9t h\u01b0\u01a1ng v\u1ecb tinh hoa t\u1eeb tr\u00e0 olong k\u1ebft h\u1ee3p pha m\u00e1y v\u1edbi s\u1eefa t\u1ea1o n\u00ean m\u1ed9t h\u01b0\u01a1ng v\u1ecb \u0111\u1eadm tr\u00e0 tinh t\u00fay, Sen v\u00e0 D\u1eeba l\u00e0 hai nguy\u00ean li\u1ec7u t\u1ea1o n\u00ean s\u1ef1 ho\u00e0n h\u1ea3o cho h\u01b0\u01a1ng v\u1ecb!<\/p>\n","protected":false},"featured_media":6094,"comment_status":"open","ping_status":"closed","template":"","meta":[],"product_brand":[63],"product_cat":[53],"product_tag":[],"class_list":{"0":"post-6024","1":"product","2":"type-product","3":"status-publish","4":"has-post-thumbnail","6":"product_brand-yuha-tea","7":"product_cat-tra-dam-vi","9":"first","10":"instock","11":"sale","12":"shipping-taxable","13":"purchasable","14":"product-type-simple"},"jetpack_sharing_enabled":true,"_links":{"self":[{"href":"https:\/\/yuha.com.vn\/index.php\/wp-json\/wp\/v2\/product\/6024","targetHints":{"allow":["GET"]}}],"collection":[{"href":"https:\/\/yuha.com.vn\/index.php\/wp-json\/wp\/v2\/product"}],"about":[{"href":"https:\/\/yuha.com.vn\/index.php\/wp-json\/wp\/v2\/types\/product"}],"replies":[{"embeddable":true,"href":"https:\/\/yuha.com.vn\/index.php\/wp-json\/wp\/v2\/comments?post=6024"}],"version-history":[{"count":4,"href":"https:\/\/yuha.com.vn\/index.php\/wp-json\/wp\/v2\/product\/6024\/revisions"}],"predecessor-version":[{"id":6104,"href":"https:\/\/yuha.com.vn\/index.php\/wp-json\/wp\/v2\/product\/6024\/revisions\/6104"}],"wp:featuredmedia":[{"embeddable":true,"href":"https:\/\/yuha.com.vn\/index.php\/wp-json\/wp\/v2\/media\/6094"}],"wp:attachment":[{"href":"https:\/\/yuha.com.vn\/index.php\/wp-json\/wp\/v2\/media?parent=6024"}],"wp:term":[{"taxonomy":"product_brand","embeddable":true,"href":"https:\/\/yuha.com.vn\/index.php\/wp-json\/wp\/v2\/product_brand?post=6024"},{"taxonomy":"product_cat","embeddable":true,"href":"https:\/\/yuha.com.vn\/index.php\/wp-json\/wp\/v2\/product_cat?post=6024"},{"taxonomy":"product_tag","embeddable":true,"href":"https:\/\/yuha.com.vn\/index.php\/wp-json\/wp\/v2\/product_tag?post=6024"}],"curies":[{"name":"wp","href":"https:\/\/api.w.org\/{rel}","templated":true}]}}