{"id":6022,"date":"2025-07-21T11:39:15","date_gmt":"2025-07-21T04:39:15","guid":{"rendered":"https:\/\/yuha.com.vn\/?post_type=product&#038;p=6022"},"modified":"2025-07-26T09:13:55","modified_gmt":"2025-07-26T02:13:55","slug":"olong-triple-cheese","status":"publish","type":"product","link":"https:\/\/yuha.com.vn\/index.php\/san-pham\/olong-triple-cheese\/","title":{"rendered":"\u00d4long Triple Cheese"},"content":{"rendered":"<p><span data-sheets-root=\"1\">M\u00f4 t\u1ea3: Team m\u00ea ph\u00f4 mai \u0111\u00e3 t\u00ecm ra \u0111\u01b0\u1ee3c ch\u00e2n \u00e1i c\u1ee7a m\u00ecnh ch\u01b0a, c\u00f2n ch\u00e2n \u00e1i c\u1ee7a tui ch\u00ednh l\u00e0 Olong Triple Cheese, h\u01b0\u01a1ng v\u1ecb olong pha m\u00e1y nguy\u00ean ch\u1ea5t c\u1ef1c k\u00ec \u0111\u1eadm tr\u00e0, k\u1ebft h\u1ee3p v\u1edbi g\u1ea5p \u0111\u00f4i ph\u00f4 mai th\u00ec ngon kh\u00f4ng c\u00f2n g\u00ec b\u1eb1ng.<\/span><\/p>\n","protected":false},"excerpt":{"rendered":"<p>M\u00f4 t\u1ea3: Team m\u00ea ph\u00f4 mai \u0111\u00e3 t\u00ecm ra \u0111\u01b0\u1ee3c ch\u00e2n \u00e1i c\u1ee7a m\u00ecnh ch\u01b0a, c\u00f2n ch\u00e2n \u00e1i c\u1ee7a tui ch\u00ednh l\u00e0 Olong Triple Cheese, h\u01b0\u01a1ng v\u1ecb olong pha m\u00e1y nguy\u00ean ch\u1ea5t c\u1ef1c k\u00ec \u0111\u1eadm tr\u00e0, k\u1ebft h\u1ee3p v\u1edbi g\u1ea5p \u0111\u00f4i ph\u00f4 mai th\u00ec ngon kh\u00f4ng c\u00f2n g\u00ec b\u1eb1ng.<\/p>\n","protected":false},"featured_media":6098,"comment_status":"open","ping_status":"closed","template":"","meta":[],"product_brand":[63],"product_cat":[53],"product_tag":[],"class_list":{"0":"post-6022","1":"product","2":"type-product","3":"status-publish","4":"has-post-thumbnail","6":"product_brand-yuha-tea","7":"product_cat-tra-dam-vi","9":"first","10":"instock","11":"sale","12":"shipping-taxable","13":"purchasable","14":"product-type-simple"},"jetpack_sharing_enabled":true,"_links":{"self":[{"href":"https:\/\/yuha.com.vn\/index.php\/wp-json\/wp\/v2\/product\/6022","targetHints":{"allow":["GET"]}}],"collection":[{"href":"https:\/\/yuha.com.vn\/index.php\/wp-json\/wp\/v2\/product"}],"about":[{"href":"https:\/\/yuha.com.vn\/index.php\/wp-json\/wp\/v2\/types\/product"}],"replies":[{"embeddable":true,"href":"https:\/\/yuha.com.vn\/index.php\/wp-json\/wp\/v2\/comments?post=6022"}],"version-history":[{"count":1,"href":"https:\/\/yuha.com.vn\/index.php\/wp-json\/wp\/v2\/product\/6022\/revisions"}],"predecessor-version":[{"id":6023,"href":"https:\/\/yuha.com.vn\/index.php\/wp-json\/wp\/v2\/product\/6022\/revisions\/6023"}],"wp:featuredmedia":[{"embeddable":true,"href":"https:\/\/yuha.com.vn\/index.php\/wp-json\/wp\/v2\/media\/6098"}],"wp:attachment":[{"href":"https:\/\/yuha.com.vn\/index.php\/wp-json\/wp\/v2\/media?parent=6022"}],"wp:term":[{"taxonomy":"product_brand","embeddable":true,"href":"https:\/\/yuha.com.vn\/index.php\/wp-json\/wp\/v2\/product_brand?post=6022"},{"taxonomy":"product_cat","embeddable":true,"href":"https:\/\/yuha.com.vn\/index.php\/wp-json\/wp\/v2\/product_cat?post=6022"},{"taxonomy":"product_tag","embeddable":true,"href":"https:\/\/yuha.com.vn\/index.php\/wp-json\/wp\/v2\/product_tag?post=6022"}],"curies":[{"name":"wp","href":"https:\/\/api.w.org\/{rel}","templated":true}]}}