{"id":6011,"date":"2025-07-21T11:07:04","date_gmt":"2025-07-21T04:07:04","guid":{"rendered":"https:\/\/yuha.com.vn\/?post_type=product&#038;p=6011"},"modified":"2025-07-28T10:03:36","modified_gmt":"2025-07-28T03:03:36","slug":"hong-tra-tu-sa-chau-tu","status":"publish","type":"product","link":"https:\/\/yuha.com.vn\/index.php\/san-pham\/hong-tra-tu-sa-chau-tu\/","title":{"rendered":"H\u1ed3ng Tr\u00e0 T\u1eed Sa Ch\u00e2u T\u1ee9"},"content":{"rendered":"<p><strong>T\u00ean s\u1ea3n ph\u1ea9m:<\/strong> H\u1ed3ng Tr\u00e0 T\u1eed Sa Ch\u00e2u T\u1ee9<\/p>\n<p><strong>Th\u00e0nh ph\u1ea7n:<\/strong> H\u1ed3ng Tr\u00e0 S\u1eefa pha m\u00e1y, tr\u00e2n ch\u00e2u caramel, ph\u00f4 mai t\u01b0\u01a1i, pudding socola<\/p>\n<p><strong>M\u00f4 t\u1ea3:<\/strong> H\u1ed3ng tr\u00e0 t\u1eed sa ch\u00e2u t\u1ee9 l\u00e0 m\u1ed9t th\u1ee9c u\u1ed1ng l\u00e0m t\u1eeb h\u1ed3ng tr\u00e0 s\u1eefa v\u1edbi c\u00f4ng ngh\u1ec7 pha m\u00e1y hi\u1ec7n \u0111\u1ea1i, h\u1ed3ng tr\u00e0 s\u1eefa th\u01a1m \u0111\u1eadm v\u1ecb. \u0110\u1eb7c bi\u00eath h\u01a1n l\u00e0 m\u00f3n n\u00e0y \u0111\u01b0\u1ee3c k\u1ebft h\u1ee3p v\u1edbi 4 lo\u1ea1i topping n\u00ean c\u00f3 t\u00ean l\u00e0 &#8220;h\u1ed3ng tr\u00e0 t\u1eed sa ch\u00e2u t\u1ee9&#8221;. Topping bao g\u1ed3m tr\u00e2n ch\u00e2u caramel, th\u1ea1ch c\u00e0 ph\u00ea, ph\u00f4 mai t\u01b0\u01a1i, pudding socola. T\u1ea1o n\u00ean m\u1ed9t h\u01b0\u01a1ng v\u1ecb kh\u00f3 qu\u00ean m\u00e0 l\u1ea1i c\u00f2n \u00ea h\u1ec1 topping<\/p>\n","protected":false},"excerpt":{"rendered":"<p>T\u00ean s\u1ea3n ph\u1ea9m: H\u1ed3ng Tr\u00e0 T\u1eed Sa Ch\u00e2u T\u1ee9 Th\u00e0nh ph\u1ea7n: H\u1ed3ng Tr\u00e0 S\u1eefa pha m\u00e1y, tr\u00e2n ch\u00e2u caramel, ph\u00f4 mai t\u01b0\u01a1i, pudding socola M\u00f4 t\u1ea3: H\u1ed3ng tr\u00e0 t\u1eed sa ch\u00e2u t\u1ee9 l\u00e0 m\u1ed9t th\u1ee9c u\u1ed1ng l\u00e0m t\u1eeb h\u1ed3ng tr\u00e0 s\u1eefa v\u1edbi c\u00f4ng ngh\u1ec7 pha m\u00e1y hi\u1ec7n \u0111\u1ea1i, h\u1ed3ng tr\u00e0 s\u1eefa th\u01a1m \u0111\u1eadm v\u1ecb. \u0110\u1eb7c [&hellip;]<\/p>\n","protected":false},"featured_media":6105,"comment_status":"open","ping_status":"closed","template":"","meta":[],"product_brand":[63],"product_cat":[53],"product_tag":[],"class_list":{"0":"post-6011","1":"product","2":"type-product","3":"status-publish","4":"has-post-thumbnail","6":"product_brand-yuha-tea","7":"product_cat-tra-dam-vi","9":"first","10":"instock","11":"sale","12":"shipping-taxable","13":"purchasable","14":"product-type-simple"},"jetpack_sharing_enabled":true,"_links":{"self":[{"href":"https:\/\/yuha.com.vn\/index.php\/wp-json\/wp\/v2\/product\/6011","targetHints":{"allow":["GET"]}}],"collection":[{"href":"https:\/\/yuha.com.vn\/index.php\/wp-json\/wp\/v2\/product"}],"about":[{"href":"https:\/\/yuha.com.vn\/index.php\/wp-json\/wp\/v2\/types\/product"}],"replies":[{"embeddable":true,"href":"https:\/\/yuha.com.vn\/index.php\/wp-json\/wp\/v2\/comments?post=6011"}],"version-history":[{"count":3,"href":"https:\/\/yuha.com.vn\/index.php\/wp-json\/wp\/v2\/product\/6011\/revisions"}],"predecessor-version":[{"id":6112,"href":"https:\/\/yuha.com.vn\/index.php\/wp-json\/wp\/v2\/product\/6011\/revisions\/6112"}],"wp:featuredmedia":[{"embeddable":true,"href":"https:\/\/yuha.com.vn\/index.php\/wp-json\/wp\/v2\/media\/6105"}],"wp:attachment":[{"href":"https:\/\/yuha.com.vn\/index.php\/wp-json\/wp\/v2\/media?parent=6011"}],"wp:term":[{"taxonomy":"product_brand","embeddable":true,"href":"https:\/\/yuha.com.vn\/index.php\/wp-json\/wp\/v2\/product_brand?post=6011"},{"taxonomy":"product_cat","embeddable":true,"href":"https:\/\/yuha.com.vn\/index.php\/wp-json\/wp\/v2\/product_cat?post=6011"},{"taxonomy":"product_tag","embeddable":true,"href":"https:\/\/yuha.com.vn\/index.php\/wp-json\/wp\/v2\/product_tag?post=6011"}],"curies":[{"name":"wp","href":"https:\/\/api.w.org\/{rel}","templated":true}]}}