{"id":5876,"date":"2025-07-19T09:24:50","date_gmt":"2025-07-19T02:24:50","guid":{"rendered":"https:\/\/yuha.com.vn\/?post_type=product&#038;p=5876"},"modified":"2025-07-21T09:24:48","modified_gmt":"2025-07-21T02:24:48","slug":"tra-chanh-gia-tay","status":"publish","type":"product","link":"https:\/\/yuha.com.vn\/index.php\/san-pham\/tra-chanh-gia-tay\/","title":{"rendered":"Tr\u00e0 Chanh Hoa Gi\u00e3 Tay"},"content":{"rendered":"<p><strong>T\u00ean s\u1ea3n ph\u1ea9m:<\/strong> Tr\u00e0 Chanh Hoa Gi\u00e3 Tay<\/p>\n<p><strong>Th\u00e0nh ph\u1ea7n:<\/strong> Tr\u00e0 \u1ee7 L\u1ea1nh, Chanh Hoa, M\u1eadt Ong<\/p>\n<p><strong>M\u00f4 t\u1ea3:<\/strong> H\u01b0\u01a1ng v\u1ecb thanh m\u00e1t truy\u1ec1n c\u1ea3m h\u1ee9ng t\u1eeb tr\u00e0 \u1ee7 l\u1ea1nh, c\u00f9ng v\u1edbi nh\u1eefng qu\u1ea3 chanh v\u00e0ng m\u1ed9ng n\u01b0\u1edbc k\u1ebft h\u1ee3p h\u01b0\u01a1ng v\u1ecb ng\u1ecdt c\u1ee7a m\u1eadt ong t\u1ef1 nhi\u00ean \u0111\u00e3 t\u1ea1o s\u1ef1 ngon ng\u1ecdt thu\u1ea7n t\u00fay !<\/p>\n","protected":false},"excerpt":{"rendered":"<p>T\u00ean s\u1ea3n ph\u1ea9m: Tr\u00e0 Chanh Hoa Gi\u00e3 Tay Th\u00e0nh ph\u1ea7n: Tr\u00e0 \u1ee7 L\u1ea1nh, Chanh Hoa, M\u1eadt Ong M\u00f4 t\u1ea3: H\u01b0\u01a1ng v\u1ecb thanh m\u00e1t truy\u1ec1n c\u1ea3m h\u1ee9ng t\u1eeb tr\u00e0 \u1ee7 l\u1ea1nh, c\u00f9ng v\u1edbi nh\u1eefng qu\u1ea3 chanh v\u00e0ng m\u1ed9ng n\u01b0\u1edbc k\u1ebft h\u1ee3p h\u01b0\u01a1ng v\u1ecb ng\u1ecdt c\u1ee7a m\u1eadt ong t\u1ef1 nhi\u00ean \u0111\u00e3 t\u1ea1o s\u1ef1 ngon ng\u1ecdt thu\u1ea7n t\u00fay [&hellip;]<\/p>\n","protected":false},"featured_media":5922,"comment_status":"open","ping_status":"closed","template":"","meta":[],"product_brand":[63],"product_cat":[52],"product_tag":[],"class_list":{"0":"post-5876","1":"product","2":"type-product","3":"status-publish","4":"has-post-thumbnail","6":"product_brand-yuha-tea","7":"product_cat-tra-trai-cay","9":"first","10":"instock","11":"sale","12":"shipping-taxable","13":"purchasable","14":"product-type-simple"},"jetpack_sharing_enabled":true,"_links":{"self":[{"href":"https:\/\/yuha.com.vn\/index.php\/wp-json\/wp\/v2\/product\/5876","targetHints":{"allow":["GET"]}}],"collection":[{"href":"https:\/\/yuha.com.vn\/index.php\/wp-json\/wp\/v2\/product"}],"about":[{"href":"https:\/\/yuha.com.vn\/index.php\/wp-json\/wp\/v2\/types\/product"}],"replies":[{"embeddable":true,"href":"https:\/\/yuha.com.vn\/index.php\/wp-json\/wp\/v2\/comments?post=5876"}],"version-history":[{"count":3,"href":"https:\/\/yuha.com.vn\/index.php\/wp-json\/wp\/v2\/product\/5876\/revisions"}],"predecessor-version":[{"id":5934,"href":"https:\/\/yuha.com.vn\/index.php\/wp-json\/wp\/v2\/product\/5876\/revisions\/5934"}],"wp:featuredmedia":[{"embeddable":true,"href":"https:\/\/yuha.com.vn\/index.php\/wp-json\/wp\/v2\/media\/5922"}],"wp:attachment":[{"href":"https:\/\/yuha.com.vn\/index.php\/wp-json\/wp\/v2\/media?parent=5876"}],"wp:term":[{"taxonomy":"product_brand","embeddable":true,"href":"https:\/\/yuha.com.vn\/index.php\/wp-json\/wp\/v2\/product_brand?post=5876"},{"taxonomy":"product_cat","embeddable":true,"href":"https:\/\/yuha.com.vn\/index.php\/wp-json\/wp\/v2\/product_cat?post=5876"},{"taxonomy":"product_tag","embeddable":true,"href":"https:\/\/yuha.com.vn\/index.php\/wp-json\/wp\/v2\/product_tag?post=5876"}],"curies":[{"name":"wp","href":"https:\/\/api.w.org\/{rel}","templated":true}]}}