{"id":5868,"date":"2025-07-19T09:08:25","date_gmt":"2025-07-19T02:08:25","guid":{"rendered":"https:\/\/yuha.com.vn\/?post_type=product&#038;p=5868"},"modified":"2025-07-19T11:52:21","modified_gmt":"2025-07-19T04:52:21","slug":"tra-lac-tien","status":"publish","type":"product","link":"https:\/\/yuha.com.vn\/index.php\/san-pham\/tra-lac-tien\/","title":{"rendered":"Tr\u00e0 L\u1ea1c Ti\u00ean"},"content":{"rendered":"<p>T\u00ean s\u1ea3n ph\u1ea9m: Tr\u00e0 L\u1ea1c Ti\u00ean<\/p>\n<p>Th\u00e0nh ph\u1ea7n: Tr\u00e0 olong \u1ee7 l\u1ea1nh, chanh d\u00e2y, qu\u1ea3 th\u01a1m, nha \u0111am t\u01b0\u01a1i<\/p>\n<p>M\u00f4 t\u1ea3: L\u1ea1c v\u00e0o tr\u1ed1n th\u1ea7n ti\u00ean c\u00f9ng tr\u00e0 l\u1ea1c ti\u00ean. N\u01b0\u1edbc n\u00e0y l\u00e0 m\u1ed9t trong nh\u1eefng m\u00f3n n\u01b0\u1edbc c\u1ef1c k\u00ec b\u00e1n ch\u1ea1y v\u00e0o m\u00f9a h\u00e8 v\u00ec h\u01b0\u01a1ng v\u1ecb c\u1ee7a n\u00f3 ngon kh\u00f3 c\u01b0\u1ee1ng. Tr\u00e0 L\u1ea1c Ti\u00ean \u0111\u01b0\u1ee3c l\u00e0m t\u1eeb tr\u00e0 olong \u1ee7 l\u1ea1nh k\u1ebft h\u1ee3p v\u1edbi tr\u00e1i chanh d\u00e2y v\u00e0 tr\u00e1i th\u01a1m \u0111\u00e3 t\u1ea1o n\u00ean h\u01b0\u01a1ng v\u1ecb chua ng\u1ecdt, n\u1ebfu ai th\u00edch h\u01b0\u01a1ng v\u1ecb chua c\u1ee7a chanh d\u00e2y, ng\u1ecdt thanh m\u1ecdng n\u01b0\u1edbc c\u1ee7a tr\u00e1i th\u01a1m th\u00ec \u0111\u00e2y l\u00e0 m\u1ed9t l\u1ef1a ch\u1ecdn h\u1ee3p l\u00fd cho h\u00e8 n\u00e0y.<\/p>\n","protected":false},"excerpt":{"rendered":"<p>T\u00ean s\u1ea3n ph\u1ea9m: Tr\u00e0 L\u1ea1c Ti\u00ean Th\u00e0nh ph\u1ea7n: Tr\u00e0 olong \u1ee7 l\u1ea1nh, chanh d\u00e2y, qu\u1ea3 th\u01a1m, nha \u0111am t\u01b0\u01a1i M\u00f4 t\u1ea3: L\u1ea1c v\u00e0o tr\u1ed1n th\u1ea7n ti\u00ean c\u00f9ng tr\u00e0 l\u1ea1c ti\u00ean. N\u01b0\u1edbc n\u00e0y l\u00e0 m\u1ed9t trong nh\u1eefng m\u00f3n n\u01b0\u1edbc c\u1ef1c k\u00ec b\u00e1n ch\u1ea1y v\u00e0o m\u00f9a h\u00e8 v\u00ec h\u01b0\u01a1ng v\u1ecb c\u1ee7a n\u00f3 ngon kh\u00f3 c\u01b0\u1ee1ng. Tr\u00e0 L\u1ea1c [&hellip;]<\/p>\n","protected":false},"featured_media":5920,"comment_status":"open","ping_status":"closed","template":"","meta":[],"product_brand":[63],"product_cat":[52],"product_tag":[],"class_list":{"0":"post-5868","1":"product","2":"type-product","3":"status-publish","4":"has-post-thumbnail","6":"product_brand-yuha-tea","7":"product_cat-tra-trai-cay","9":"first","10":"instock","11":"sale","12":"shipping-taxable","13":"purchasable","14":"product-type-simple"},"jetpack_sharing_enabled":true,"_links":{"self":[{"href":"https:\/\/yuha.com.vn\/index.php\/wp-json\/wp\/v2\/product\/5868","targetHints":{"allow":["GET"]}}],"collection":[{"href":"https:\/\/yuha.com.vn\/index.php\/wp-json\/wp\/v2\/product"}],"about":[{"href":"https:\/\/yuha.com.vn\/index.php\/wp-json\/wp\/v2\/types\/product"}],"replies":[{"embeddable":true,"href":"https:\/\/yuha.com.vn\/index.php\/wp-json\/wp\/v2\/comments?post=5868"}],"version-history":[{"count":1,"href":"https:\/\/yuha.com.vn\/index.php\/wp-json\/wp\/v2\/product\/5868\/revisions"}],"predecessor-version":[{"id":5871,"href":"https:\/\/yuha.com.vn\/index.php\/wp-json\/wp\/v2\/product\/5868\/revisions\/5871"}],"wp:featuredmedia":[{"embeddable":true,"href":"https:\/\/yuha.com.vn\/index.php\/wp-json\/wp\/v2\/media\/5920"}],"wp:attachment":[{"href":"https:\/\/yuha.com.vn\/index.php\/wp-json\/wp\/v2\/media?parent=5868"}],"wp:term":[{"taxonomy":"product_brand","embeddable":true,"href":"https:\/\/yuha.com.vn\/index.php\/wp-json\/wp\/v2\/product_brand?post=5868"},{"taxonomy":"product_cat","embeddable":true,"href":"https:\/\/yuha.com.vn\/index.php\/wp-json\/wp\/v2\/product_cat?post=5868"},{"taxonomy":"product_tag","embeddable":true,"href":"https:\/\/yuha.com.vn\/index.php\/wp-json\/wp\/v2\/product_tag?post=5868"}],"curies":[{"name":"wp","href":"https:\/\/api.w.org\/{rel}","templated":true}]}}